 = -7 - -11. Suppose 6 = 2*o - 2*g, -g + 6 = -m*g. What is the highest common factor of 1 and o?
1
Let s(x) = -x**2 + 5*x + 2. Let k be s(5). Suppose a = 4*a - 36. What is the greatest common factor of k and a?
2
Let z(f) = f**2 - 15*f - 2. Let h be z(16). Let r be -1 - -115 - (0 + 2). Calculate the greatest common divisor of h and r.
14
Let w(n) = 4*n**2 - 12. Let g be w(9). Suppose -g = -z - 2*z. Calculate the greatest common divisor of 13 and z.
13
Suppose -2*c - 16 + 76 = 0. Let y be 16/(-24) - (300/9)/(-5). Calculate the greatest common divisor of y and c.
6
Suppose 20 + 5 = 5*u. Suppose 5*y + 10 = 0, -u*t + 2*y + 10 = -34. What is the greatest common factor of 2 and t?
2
Let k = 15 + -10. Calculate the greatest common divisor of k and 1.
1
Suppose 0*o = -o + 5*b + 129, -5*o + 4*b + 729 = 0. Let c = o - 75. Let y = -42 + c. What is the highest common divisor of y and 4?
4
Suppose -180 = -0*d - d. Suppose -5*t + d = 3*a, -3*a + 0*a + 180 = 2*t. Let u = -4 - -10. What is the highest common factor of u and a?
6
Suppose -6*a = -4*a - 18. Let m(u) = -4*u**2 - 2 - 2*u**2 + 3*u + a*u**2. Let s be m(-3). What is the highest common divisor of 2 and s?
2
Suppose -2*x - 5 = 3*x. Let i be -6 - -136 - x*2. What is the greatest common divisor of 12 and i?
12
Let f be ((-5)/((-15)/(-13)))/((-4)/252). Calculate the greatest common factor of f and 39.
39
Let r(g) = 2*g - 10. Let p be r(7). Suppose -p*y = y. Suppose -40 = -y*z - z. Calculate the greatest common factor of z and 10.
10
Let y be 109 - (0 + -1)*7/7. Calculate the greatest common divisor of y and 44.
22
Let n be 24/(-120) - 562/(-10). Calculate the highest common divisor of n and 16.
8
Let u = 33 - -12. Calculate the greatest common divisor of u and 18.
9
Suppose -5*x - 34 = -p, x = -2*p + 33 + 46. Calculate the greatest common factor of 195 and p.
39
Suppose 4*s = 61 + 67. Suppose -5*z + s = -108. Calculate the highest common divisor of 14 and z.
14
Suppose 0 = 4*f - 5*s + 7, 9 = 3*f + 5*s - 12. Suppose 3*j = -f*j - 20. Let m = j - -11. Calculate the highest common factor of 35 and m.
7
Let t(j) = -18*j + 2. Suppose -12 = 2*u + 2*u. Let r be t(u). Calculate the greatest common factor of 8 and r.
8
Suppose -183 = -6*c + 141. Calculate the highest common divisor of c and 18.
18
Let r be 3/2*(-18)/27. Let h be (3 - 0 - r) + 23. What is the greatest common factor of 18 and h?
9
Suppose -11*g + 63 = -10*g. Let u(a) = a**3 - 5*a**2 + 6*a - 1. Let f be u(4). Calculate the greatest common divisor of g and f.
7
Let z be (1 - 119) + (3 - 1). Let m = -83 - z. Calculate the greatest common factor of m and 22.
11
Suppose 0 = 4*d + 2*z - 24, -2*z - 7 = 1. What is the highest common factor of d and 6?
2
Suppose 5*m = -3*u + 59, -3*m = -2*u - 3 - 21. Calculate the greatest common divisor of m and 80.
10
Let x = 18 - 2. What is the highest common factor of x and 48?
16
Let y = -2 + 4. Let z be y/8 + 21/12. Suppose 0*p + 3*p = 3. Calculate the highest common divisor of p and z.
1
Let u(r) = 70*r + 3. Let g be u(3). Suppose 0 = -2*z + 27 + g. Calculate the greatest common factor of 15 and z.
15
Suppose -5*x + 190 + 410 = 0. Suppose 2*p = 2*u + 141 - 7, 5*u = 3*p - 203. Let j = x - p. Calculate the greatest common divisor of j and 18.
18
Let c(q) = -9*q - 26. Let u be c(-4). What is the greatest common factor of 160 and u?
10
Suppose -188 = -5*k + o - 57, 77 = 3*k - o. Suppose -6 = -3*r + k. Let n(d) = d**2 + 1. Let t be n(0). What is the highest common factor of r and t?
1
Let r be -1 + -1 + (2 - -3). Suppose 5*h + 9 = -1, -r*k + 10 = 4*h. Calculate the greatest common divisor of 54 and k.
6
Suppose -2*c = -r + 14, c = -c. What is the greatest common factor of r and 42?
14
Suppose 8*p - 6*p = 30. Calculate the highest common factor of 105 and p.
15
Let u(l) = -4*l + 4. Let n be u(-4). What is the greatest common divisor of n and 10?
10
Suppose 4*m + 8 - 32 = 0. Calculate the highest common factor of m and 6.
6
Let a be (2 + 2 + -2)*11. Suppose 4*k - 166 = 54. What is the highest common factor of k and a?
11
Let d = -5 + 10. Suppose -3*v - z + 37 = 0, -3*v - v - d*z = -31. What is the greatest common factor of 35 and v?
7
Suppose -2*g + 10 = k + 3*k, 5*g - 3*k = 38. What is the greatest common divisor of g and 14?
7
Let z be -2 + (-72)/(-3) - -1. What is the highest common factor of z and 184?
23
Let b be (-351)/(-36) - 2/(-8). What is the highest common factor of 50 and b?
10
Let b = 17 + 20. Calculate the greatest common divisor of 185 and b.
37
Let i = 100 - 81. Calculate the highest common divisor of 152 and i.
19
Suppose 3*t - u - 145 = 0, -u + 149 = 3*t - 0*u. Let n be ((-4)/6)/((-6)/63). What is the greatest common divisor of t and n?
7
Suppose 9*h = 15*h - 144. What is the greatest common factor of 60 and h?
12
Let f be (6/5)/(6/(-40)). Let s be (f/12)/((-2)/15). Suppose 3*l - 2*o = 5*l, 5*o + 30 = s*l. What is the highest common factor of l and 2?
1
Let x = 134 - 84. Calculate the greatest common factor of 30 and x.
10
Let q = -122 - -151. Calculate the highest common divisor of q and 58.
29
Suppose 5*i + g + 28 + 146 = 0, -4*i - 148 = 3*g. Let n = 20 + i. Let f be (-2)/(2 + 32/n). Calculate the greatest common divisor of f and 7.
7
Suppose -c + 111 = 4*l, 8*c - 4*c + 144 = 5*l. Calculate the highest common factor of 28 and l.
28
Suppose b = -4 + 2. Let y be 39 + (b - (-1)/1). Calculate the highest common divisor of y and 19.
19
Let p(y) = 7*y**3 - 3*y**2 + 2. Let j be p(1). What is the greatest common divisor of 2 and j?
2
Suppose -24 = -5*m - 9. Suppose i = -2*b + 15, -m*b - 10 = -i - 0*b. Suppose 0*w - 26 = -2*w. Calculate the highest common factor of w and i.
13
Let a = -77 - -26. Let b = a - -114. What is the highest common divisor of b and 21?
21
Suppose 3*f - 6 - 9 = 0. Suppose 4*s - 7 = f. Suppose s = -h - 4*p, 3*h - 11 = -3*p + 7. What is the highest common divisor of 36 and h?
9
Let m(i) be the first derivative of i**4/4 + i**3 - 4*i**2 - 5*i + 1. Let c be m(-5). Let x be (c/(-6) - 2)*88. What is the highest common divisor of x and 11?
11
Suppose 119 = 4*k - 5. Let b = k + -22. What is the greatest common factor of b and 72?
9
Suppose 6*h + 1 = 37. Suppose -5*o - 12 = -6*o. Calculate the greatest common divisor of h and o.
6
Suppose 2*f + 1 = 9. Suppose 2*w - f = -0*w. Let i be -1 + w + 22 + -5. Calculate the greatest common factor of 9 and i.
9
Suppose -2*s + 42 + 20 = 2*w, 82 = 2*s - 2*w. Calculate the highest common factor of s and 8.
4
Let o(j) = -2*j - 5. Let x be o(-7). Let b(l) = -l**2 + l + 99. Suppose y + y = 0. Let a be b(y). Calculate the highest common factor of a and x.
9
Let w = 37 - 34. Calculate the highest common factor of w and 3.
3
Let j = -103 + 178. What is the greatest common factor of j and 15?
15
Let d = 35 - 33. Let j be 22 + 1 + 1*-1. What is the greatest common divisor of d and j?
2
Suppose -1 = -2*v + 1, 0 = -m + 4*v - 2. Suppose 3*l - 153 = -3*y, m*l = -0*y - 5*y + 246. Calculate the greatest common factor of y and 12.
12
Let c(p) = -2*p**3 + p**2 + 3*p - 3. Let x be c(-3). Calculate the greatest common factor of x and 17.
17
Let p(r) = 2 + 24*r + 65*r - 3. Let c be p(1). What is the greatest common factor of 8 and c?
8
Let o = -12 - -24. Calculate the highest common factor of o and 16.
4
Let s be 37/7 - (-6)/(-21). Suppose -2*a - 3*c - 16 = 0, 5*c - 10 = 4*a - 0*c. Let r be (a + 3 - -9) + -2. Calculate the greatest common divisor of r and s.
5
Suppose l = -2*u + 15, -4*l + 2*u + 39 = 3*u. Calculate the highest common factor of 45 and l.
9
Suppose 9 = -2*b - 3*v, -v - 3 = 3*b - 0. Suppose 228 = -b*u + 3*u. What is the greatest common factor of u and 19?
19
Let t be 2 + (1 - (-1 + 2)). Suppose 19 = k - t. What is the highest common factor of 7 and k?
7
Let d be 2 - -35 - 6/(-3). Suppose -4*g + d = 2*j - g, 3*j - 46 = -2*g. What is the greatest common factor of j and 6?
6
Suppose 2*a = 2*x - 30, -4*x + a - 2*a + 70 = 0. Calculate the highest common divisor of 119 and x.
17
Let s = -3 - -6. Let j be 2/(-3) + (-28)/(-6). Suppose -3*b + j = -2. Calculate the greatest common divisor of b and s.
1
Suppose -11 = 2*w + 4*t - 455, 4*t - 884 = -4*w. Suppose 2*s - 60 = -s. What is the highest common divisor of s and w?
20
Suppose 11*v = 2*v + 2592. Calculate the highest co